(o) = -o**2 + 6*o - 9. Let c be k(-5). Let l = c + 149. What is the tens digit of l?
8
Suppose 5*x - 13*x - 24 = 0. Let d(t) = -5*t + 2*t - 2 - 1. What is the units digit of d(x)?
6
Let q(h) = 103*h**2 - 8*h + 9. What is the tens digit of q(2)?
0
What is the hundreds digit of -1*(-533 + -5 + 8 + 1)?
5
Let x = 153 - 77. Suppose -34 - x = -5*q. Let m = q - 2. What is the tens digit of m?
2
Suppose w + 5 = 3*c - 2, -2*w + 13 = 3*c. Suppose -91 = -w*m + 33. What is the tens digit of m?
6
Let c(i) = -i**3 + 13*i**2 - 3*i + 6. What is the tens digit of c(-6)?
0
Suppose 3*o = -d + 185, -222 = 4*d - 4*o - 1026. Let b = d + 99. What is the units digit of b?
6
What is the units digit of (-4)/(-14) + (9138/14 - 0)?
3
Let m = -398 - -595. Let x = m - 41. What is the units digit of x?
6
Suppose 0 = -6*j + 1907 + 7771. Suppose 13*r - j - 402 = 0. What is the hundreds digit of r?
1
Let w = 2 - 5. Let g(n) = -n - 8. Let i be g(0). Let m = w - i. What is the units digit of m?
5
Suppose -2 = -2*x, -3*t = -5*t - 2*x + 942. What is the hundreds digit of t?
4
Suppose -4*y + 9311 = -m, 43*m - 9310 = -4*y + 45*m. What is the units digit of y?
8
Suppose -7410 = -2*t + 4*p, -13*t - 4*p = -8*t - 18581. What is the tens digit of t?
1
Let k(g) be the second derivative of g**5/20 - 5*g**4/4 + 5*g**3/2 + 10*g**2 - 4*g. Let y be k(14). Suppose 8 = -b + y. What is the tens digit of b?
2
Suppose 2*w = -23 + 1. Let d(n) = -2*n - 17. Let g be d(w). Suppose 4*y + 82 = -g*c + 258, 3*y = 3*c + 132. What is the tens digit of y?
4
Let k(v) = -3 + 2*v + 10 - 3. Let i be k(-3). What is the units digit of -3 + 0 + i + 15?
0
What is the tens digit of (-13290)/15*(2 - 3)?
8
Suppose -4*t + 35 = -3*n, 0*t = 4*n + 2*t + 32. Let w(d) = -d**3 - 6*d**2 - 7. What is the units digit of w(n)?
6
Suppose 10 = 2*x - 2*f + 80, 5*f + 205 = -5*x. Let h be (-34)/4 + (-1)/(-2). What is the units digit of x/(-7) - h/14?
6
Let y = -257 + 271. What is the units digit of y?
4
What is the units digit of 48/(-64) + 3223/4?
5
Suppose -2*b + 54 = 3*y, b - y - 24 + 2 = 0. Let c = b + -3. Suppose -5*j + 5*a + 45 = 0, 2*j - 3*j - 2*a + c = 0. What is the tens digit of j?
1
Let v(r) = 9*r - 29. Let x(p) = 2*p - 13. Let i(s) = 9*s - 64. Let y(n) = 2*i(n) - 11*x(n). Let m(c) = -6*v(c) - 11*y(c). What is the units digit of m(-5)?
9
What is the tens digit of (70/12)/((-4)/(-24))?
3
Let z be 3/(-2*(-9)/(-408)). What is the units digit of (-8)/z + (-4824)/(-34)?
2
Let h(w) = 8*w**3 - 22*w**2 - 4*w + 14. What is the units digit of h(7)?
2
Let g = -84 - -427. What is the tens digit of g?
4
Let s(q) be the second derivative of -q**5/20 + 3*q**4/4 - 2*q**3/3 + 3*q**2/2 - 14*q. What is the units digit of s(8)?
5
Let k be (-5 - -4)*3 + -258. Let g = k + 392. Let b = -53 + g. What is the units digit of b?
8
Let c(v) = -v**2 - 9*v - 3. Let r(f) = -f**3 - 10*f**2 - 6*f - 8. Let t be r(-9). Let j be (-42)/t*(-20)/3. What is the units digit of c(j)?
5
Let r = -34 - -37. Suppose -4*n + 296 = 4*o, -r*n = -6*n + 3*o + 210. What is the units digit of n?
2
Suppose -5*u + 2*y + 2569 = 0, 0 = 11*u - 10*u + y - 511. What is the tens digit of u?
1
What is the thousands digit of (-21192)/(-5) - 9/((-585)/(-26))?
4
Suppose a - 3285 = -5*p, -6*p + 5*p + 16329 = 5*a. What is the units digit of a?
5
Suppose 2*h + 3*s = 3694, h - 534 = 4*s + 1335. What is the thousands digit of h?
1
Let o(h) = 4 - 2*h + 7*h - 3*h + 12. What is the units digit of o(14)?
4
Let g = 316 - -541. What is the units digit of g?
7
Let b = 4243 + -1576. What is the thousands digit of b?
2
Let k be 4 + (-5)/((-25)/230). Suppose 0 = k*p - 46*p - 600. What is the hundreds digit of p?
1
Let d(i) = i**3 - 4*i**2 - 4*i + 37. What is the units digit of d(8)?
1
Let o(g) = -g**3 - 6*g**2 - 11*g - 6. Let t be o(-4). Let j be (-2 - -3)/(3/t). Suppose -4*r - j*i + 20 = -4*i, 2*i - 28 = -4*r. What is the units digit of r?
6
Let y(x) be the third derivative of x**4/8 - 5*x**3/2 + 18*x**2. Suppose -2*h + 0*s + 5 = 5*s, -28 = -4*h - 4*s. What is the tens digit of y(h)?
1
Let u(q) = -22*q + 1. Let b(t) = 2*t - 13. Let w(g) = -6*g + 38. Let z(l) = 10*b(l) + 3*w(l). Let n be z(7). What is the units digit of u(n)?
5
Suppose 5*b + 75 = -490. Let y = 170 + b. What is the units digit of y?
7
Let u = 457 + -907. Let b = 872 + u. What is the tens digit of 7/28 + b/8?
5
Let d be -5 + (-4)/(-8)*6 + 4. Suppose 17 = d*c - 73. What is the tens digit of c?
4
Let y = -4703 + 6620. What is the tens digit of y?
1
Let f be (-6)/(-2 - -4)*-26. What is the units digit of f/19 + (-8)/76?
4
Let i(z) = -z**3 - 13*z**2 + 16*z + 21. Let w(v) = -v**2 - 11*v - 2. Let a be w(-12). Let b be i(a). What is the units digit of b*6/(84/(-10))?
5
Let x be (-3)/(-12) - 46/(-8). Suppose -x*z = -17*z + 2101. What is the units digit of z?
1
Let i(k) = 108*k**2 - k. What is the tens digit of i(-1)?
0
Let g = -233 + 474. Suppose 65 + g = 6*z. What is the tens digit of z?
5
Let c = 13 + -28. Let v(q) = q**2 + 15*q + 20. Let s be v(c). Suppose -r = -13 - s. What is the tens digit of r?
3
Let c(l) = -l + 11. Let k be c(3). Suppose -2*d - k*d + 1290 = 0. What is the hundreds digit of d?
1
Let u = -1318 - -2211. What is the tens digit of u?
9
Let s(f) = -f**3 - 6*f**2 + 7. Let k be s(-6). Let q be 1/(-4)*-4*7. Suppose -q*v + k = -6*v. What is the units digit of v?
7
Let j(f) = 8*f**3 - 7*f**2 - 15*f + 83. What is the tens digit of j(6)?
6
Let n(s) = -s**2 - 2*s - 3. Let w be n(0). Let p = 6 - w. What is the units digit of p?
9
Let s(v) = 64*v + 40. What is the tens digit of s(5)?
6
Let s(b) = -2*b - 2*b - 20*b - 11 + 10*b - b**2. Let h be (-4)/(-18)*-3*18. What is the units digit of s(h)?
3
Suppose 13 + 20 = -2*z - 5*a, -3*z + 5*a - 112 = 0. Let m = 33 + z. Suppose -2*i = m*i - 18. What is the units digit of i?
3
Let r(p) = 10*p**2 + 118*p + 19. What is the units digit of r(-13)?
5
Suppose -5*t + 60 = -d, -4*t + 47 = -4*d + 3*d. Let c = t - 9. Suppose c*y - 134 = -30. What is the units digit of y?
6
Let k = -5 + 9. Suppose -k*x + 3 + 37 = 0. What is the units digit of x?
0
Let a(s) = 4*s**3 + 4*s**2 - 32*s - 7. What is the tens digit of a(3)?
4
Let f be 18 + (-8)/(8/2) + 2. Let b = f + 32. What is the units digit of b?
0
Let o(s) = -20*s. Let d be o(-3). Let t = d + 1. What is the tens digit of t?
6
Suppose -3*w - 5*c = -1576, -w - 12*c + 522 = -7*c. What is the tens digit of w?
2
What is the units digit of (9646/(-39))/((-3)/9)?
2
Suppose 2*v = -3*v + 10. Let q(b) = -8 + 0*b - 6*b + v*b. What is the units digit of q(-7)?
0
Suppose -j + 3 = -a + 8, 4*a = j + 17. Suppose 372 = 5*i + 4*n, -5*i + a*n + 382 = 3*n. What is the tens digit of i?
7
Suppose 1 = 2*c + 15. What is the hundreds digit of c*(-2)/1*17?
2
Suppose -5*g = -158 + 58. Let o(b) = -b**3 + b**2 + 2*b. Let s be o(-2). Suppose -g = -4*p + s. What is the units digit of p?
7
What is the hundreds digit of (1/(-12)*4)/((-2)/2502)?
4
Let l be 4/((-4)/3) + 39. Suppose 5*k = 3*i - 2*i + l, -3*k = 5*i - 44. What is the units digit of k?
8
Let c(m) = -255*m - 36. What is the units digit of c(-2)?
4
Suppose 4*i + 5*n + 22 = 107, 3 = 3*n. Let b = -14 + i. What is the units digit of b?
6
Suppose -700 - 1394 = -6*d. What is the units digit of d?
9
Let t = 2419 - 26. What is the units digit of t?
3
Let i(u) = 9*u - u**3 + 11 + 2*u**3 - 8 + 10*u**2. Let p be i(-9). Suppose p*z - z = 2. What is the units digit of z?
1
Let j(x) = 392 + x - 8*x**3 + 2*x**2 - 392. What is the units digit of j(-1)?
9
Let n(p) = -372*p**2 + p + 1. Let s be n(1). Let z = -189 - s. What is the hundreds digit of z?
1
Let g(k) = 2*k**2 + 16*k - 6. Let z be g(-8). What is the units digit of (-4)/8 + (1341/z)/(-1)?
3
Let x(b) = b**2 - 2*b - 11. Let g be x(5). Suppose -3*t - g*m = -50 - 61, 3*t - m - 96 = 0. What is the tens digit of t?
3
Let g(x) = -135*x**3 + 2*x**2 - 1. What is the units digit of g(-1)?
6
Let d(c) = 104*c - 567. What is the units digit of d(7)?
1
Let t = -38 - -45. Suppose v - 143 = 2*l, -6 = -t*l + 4*l. What is the hundreds digit of v?
1
Let n(j) = -j**3 - j**2 - 11*j + 2. Let l = 32 + -37. What is the tens digit of n(l)?
5
Let v(z) = 0 + 3*z - 10 + 4. What is the units digit of v(6)?
2
Let h(v) = v**2 + 2*v - 7. Let i be h(6). Suppose -4*t = 16, -3*t + i - 9 = 2*m. Suppose -3*p + 11 = -m. What 